. Calculate the highest common divisor of g and 12.
12
Let t = -7 - -12. Suppose 2*n = -t*y + 6, -4*n = -2*n + 4*y - 6. Let a = n - -9. What is the highest common divisor of 12 and a?
12
Suppose 0 = 2*x - 18 - 26. Suppose -3*h + 98 = 32. What is the highest common factor of h and x?
22
Let o = 6 - 1. Let i = -4 + o. What is the greatest common divisor of i and 4?
1
Suppose -5*g - 17 = -212. Let h = g + -23. What is the highest common divisor of h and 32?
16
Suppose -3*b - 4*r = -221, 26 = -5*b - r + 400. Suppose 2*f = 7*f + b. Let c = f + 31. What is the highest common factor of c and 4?
4
Suppose 5*r = -5*i - 45, -2*i - 1 = r - 3*i. Let d(q) = -q - 2. Let f be d(r). What is the greatest common divisor of 6 and f?
3
Suppose 4*r - 98 = 166. What is the highest common factor of r and 6?
6
Let a(x) = x**3 - 3*x**2 - x - 6. Let n be a(6). What is the greatest common divisor of 12 and n?
12
Suppose -3 = -0*y - y. Suppose 0*k + y*k = -6. Let x be (4 - k)*10/4. Calculate the greatest common divisor of x and 135.
15
Let v(t) = -t + 20. Let a be (0 + -1)/((-2)/8). Suppose 18 = -a*o + 6*o. Let x be v(o). What is the greatest common divisor of x and 99?
11
Suppose -3*n = -4*g + 2*n - 36, -18 = 2*g - n. Let s be ((-66)/4)/(g/54). Calculate the greatest common factor of s and 9.
9
Suppose 5*l - 5*b - 38 = 3*l, b = -3*l + 23. What is the highest common factor of 27 and l?
9
Let o(v) = 2*v**2 - 11*v + 10. Let g be o(6). Let b be 128 - 0/(4 - 2). Calculate the highest common divisor of b and g.
16
Let j(i) = -6*i**3 - 3*i**2 + 6*i + 7. Let h be j(-2). Calculate the highest common divisor of h and 217.
31
Let q be -4 + (-9)/(9/(-20)). Let j(w) = -13*w - 1. Let p be j(-5). What is the highest common divisor of p and q?
16
Let v be (-9)/45 + (-186)/(-5). Suppose v = 2*m + 1. What is the highest common divisor of 6 and m?
6
Suppose 3*g - 4*g = -t - 50, -t - 194 = -4*g. Calculate the highest common divisor of 12 and g.
12
Suppose 0*x = -x + 15. Suppose -4*n + 540 = -0*n. What is the greatest common divisor of x and n?
15
Let i(m) = -m + 18. Let y be i(6). Let p = -171 - -303. Calculate the greatest common factor of p and y.
12
Suppose -u + 4*c - 4 = -30, 5*c = u - 27. Calculate the greatest common factor of 55 and u.
11
Let u(s) = -s**2 - s + 3. Let a be u(0). Calculate the highest common divisor of 2 and a.
1
Let n(i) = -25*i. Suppose 2 = -s - 0*s. Let v be n(s). What is the highest common divisor of v and 10?
10
Suppose -2*h = 3*a + 2, -3 = 2*h + 5. Let s(r) = -5*r**3 - 6*r**2 + r**2 - 2*r + 3 + 3*r**3. Let x be s(-3). What is the greatest common factor of x and a?
2
Suppose 8 = -2*w + 4. Let l be (-17 - -2)/(1 + w). Let a be l/(-5) + (1 - -29). What is the greatest common factor of a and 3?
3
Let i = 90 - 46. Suppose 33 = b + 2*b - 4*t, -b + 11 = 4*t. Calculate the greatest common factor of b and i.
11
Suppose 0 = -3*w + 13 + 41. Let g(v) = 2*v**2 - 9*v + 10. Let b be (-1)/(-5) - 204/(-30). Let c be g(b). What is the greatest common divisor of c and w?
9
Suppose 0 = 2*f - 145 + 35. What is the highest common divisor of 5 and f?
5
Let q be (-8555)/(-261) - (-4)/18. Suppose 4*t = 12, -3*o + 70 = -5*t + 19. What is the greatest common factor of o and q?
11
Suppose -4*b + 72 = 4*r, 0*b + 4 = -b. Suppose 4*g = 9*g - 10. Let t = r + g. Calculate the greatest common divisor of 60 and t.
12
Suppose -6*p = 5*z - 2*p - 292, 2*p = -4. Let n(w) = -w**2 - 10*w. Let d be n(-4). What is the highest common factor of z and d?
12
Suppose -z + 5*z + 876 = 0. Let g = z - -417. Calculate the highest common divisor of 22 and g.
22
Let y be 2 + (6/(-2) - -55). What is the highest common factor of 36 and y?
18
Suppose 2*j + 3*j = 165. Suppose -r + j = -27. Calculate the greatest common divisor of r and 10.
10
Suppose 105 = 5*m - 40. What is the highest common factor of m and 174?
29
Let n(c) = 9 + 7 - 23 + 4 - 21*c. Let f be n(-2). Calculate the highest common divisor of 195 and f.
39
Suppose -54 + 99 = 5*j. Calculate the highest common factor of 2 and j.
1
Suppose -637 - 83 = -12*o. Calculate the greatest common factor of o and 40.
20
Let t(p) = -2*p - 2. Let d be t(-3). Suppose -q = 3*q - d. Suppose 5*k = j + q, -3*k + 3*j - 4*j + 7 = 0. Calculate the highest common factor of 4 and k.
1
Let g be 4/(-10)*605/(-1). Calculate the highest common factor of g and 22.
22
Suppose 3*u + 0 = 84. Let b be (0 + 2)/2 - -6. What is the greatest common divisor of u and b?
7
Suppose 2*y + 2 - 5 = -5*j, 2*y + 3*j - 5 = 0. Let l be (y/(-12))/(1/(-39)). What is the highest common factor of 39 and l?
13
Suppose -29*n + 952 = -25*n. Calculate the highest common factor of 14 and n.
14
Let j(a) be the first derivative of -a**4/4 + 7*a**3/3 + 11*a**2/2 - 8*a - 3. Let k be j(8). What is the highest common factor of 48 and k?
16
Suppose -6*y = -519 - 405. What is the greatest common divisor of y and 14?
14
Suppose 82 = -3*b + k, -2*k = 2*k + 20. Suppose 111 = 2*y - 91. Let m = y + b. Calculate the greatest common divisor of m and 9.
9
Let g be (20/12)/((-1)/(-3)). Suppose -3*i - 213 = -2*r, r = 5*i - i + 104. Let p = r + -63. What is the highest common factor of p and g?
5
Suppose -15 + 3 = -2*d. What is the greatest common factor of d and 24?
6
Suppose 0 = 3*u + u - 40. Let h(f) be the first derivative of 5*f**3/3 + f**2/2 + f + 2. Let m be h(-1). Calculate the highest common divisor of u and m.
5
Let d(h) = -2*h + 2 - 3 + 6*h. Let o be d(4). Calculate the highest common divisor of o and 60.
15
Let a(z) = -1 - 2 + 2 + 128*z. Let k be a(1). Suppose 115 = 4*s + x, -4*s + k = -0*s + 5*x. Calculate the greatest common divisor of s and 7.
7
Suppose -308 = -3*r - a - 0*a, 2*a + 528 = 5*r. Calculate the greatest common factor of 13 and r.
13
Suppose 5*f + 186 = 11*f. Calculate the highest common divisor of f and 217.
31
Let f(v) = 10*v**2 + 3*v + 5. Let d be f(-2). Calculate the greatest common factor of d and 13.
13
Let g = -42 + 72. What is the highest common divisor of 10 and g?
10
Suppose -3*p = -3*d + 12, 4*d - p - 1 = 15. Calculate the highest common factor of d and 1.
1
Let o = -20 - -36. Let s be (2/3)/(2/240). What is the highest common factor of s and o?
16
Suppose 6*v + 9 = 5*t + 3*v, -19 = -3*t - 5*v. Suppose t*z + 12 = z. Let d be (-10)/(-3)*z/(-5). Calculate the highest common divisor of d and 12.
4
Let b(f) = 11*f**2 - 3*f - 2. Let m be b(-1). Let u = -10 + m. Suppose -2 - 2 = -2*o. Calculate the highest common divisor of u and o.
2
Let d(j) = j**3 + 4*j**2 - 14*j + 3. Let x be d(-6). What is the greatest common divisor of 60 and x?
15
Let y = 419 - 158. Calculate the greatest common divisor of y and 29.
29
Suppose -71 = -4*p + 77. What is the greatest common divisor of 148 and p?
37
Let a(y) = y**2 - 7*y + 4. Suppose -x = -5*x + 24. Let o be a(x). Let z be 2 - (o - 1*36). Calculate the highest common divisor of 4 and z.
4
Let d(w) = -w**2 - 10*w - 5. Let v be d(-7). Calculate the highest common divisor of 80 and v.
16
Suppose -q - 3*q - 32 = -2*w, 4*q - 4 = 0. Let i = -11 + w. What is the highest common factor of 1 and i?
1
Suppose -a + 2 = -25. What is the greatest common divisor of a and 3?
3
Let j(w) = -w**2 + 7*w - 5. Suppose 28 = 3*i + 10. Let q be j(i). Calculate the greatest common factor of q and 8.
1
Suppose -2*s - 174 = -5*z, -99 = -3*z - 0*z + 3*s. Suppose -5*q = 5*j - 25, 0 = -3*j - 5*q + 2 + 5. Calculate the greatest common factor of j and z.
9
Let f be 1 + (2 - 0/(-2)). Suppose 4*i + 3*x = 67, -2*x + 69 = 4*i + f*x. Calculate the highest common factor of i and 128.
16
Let m(v) = 4*v - 31. Let l be m(19). Calculate the greatest common divisor of 15 and l.
15
Suppose -205 = -2*d - 5*f, -2*d - 5*f = -f - 200. What is the highest common factor of 30 and d?
30
Suppose -5*o = -0*o - 40. Let w = -25 + -66. Let z = -35 - w. What is the highest common divisor of z and o?
8
Let s = -56 - -155. What is the highest common factor of 11 and s?
11
Suppose 7*z - 2*z = -35. Let v be 2*(0 - (-1 + z)). Let c = 70 - v. Calculate the greatest common divisor of 6 and c.
6
Let w = 58 + -44. Calculate the greatest common factor of w and 98.
14
Suppose -2*o - g - 33 = 2*o, 4*o - 5*g = -51. Let h = -9 - o. Suppose -3*z + 15 = h, t - 3*z - 2*z = -24. What is the greatest common divisor of 8 and t?
1
Let j 